{"id":129,"date":"2020-03-26T10:43:06","date_gmt":"2020-03-26T10:43:06","guid":{"rendered":"http:\/\/sg-edelweiss-lochbuehl.com\/?page_id=129"},"modified":"2026-01-30T17:14:24","modified_gmt":"2026-01-30T16:14:24","slug":"boellergruppe","status":"publish","type":"page","link":"http:\/\/sg-edelweiss-lochbuehl.com\/?page_id=129","title":{"rendered":"B\u00f6llergruppe"},"content":{"rendered":"\t\t<div data-elementor-type=\"wp-page\" data-elementor-id=\"129\" class=\"elementor elementor-129\">\n\t\t\t\t\t\t<section class=\"elementor-section elementor-top-section elementor-element elementor-element-b62fa4a elementor-section-boxed elementor-section-height-default elementor-section-height-default\" data-id=\"b62fa4a\" data-element_type=\"section\" data-e-type=\"section\">\n\t\t\t\t\t\t<div class=\"elementor-container elementor-column-gap-default\">\n\t\t\t\t\t<div class=\"elementor-column elementor-col-50 elementor-top-column elementor-element elementor-element-02ee2e8\" data-id=\"02ee2e8\" data-element_type=\"column\" data-e-type=\"column\">\n\t\t\t<div class=\"elementor-widget-wrap elementor-element-populated\">\n\t\t\t\t\t\t<div class=\"elementor-element elementor-element-193fb3d elementor-widget elementor-widget-text-editor\" data-id=\"193fb3d\" data-element_type=\"widget\" data-e-type=\"widget\" data-widget_type=\"text-editor.default\">\n\t\t\t\t<div class=\"elementor-widget-container\">\n\t\t\t\t\t\t\t\t\t<div class=\"zpRow standard \">\n<div class=\"zpColumn zpColumnWidth1 c12\">\n<div class=\"zpColumnItem\">\n<div id=\"a1352\" class=\"articlearea zpwText\" data-articleid=\"1352\">\n<h1 class=\"otQkpb\" role=\"heading\" aria-level=\"3\" data-complete=\"true\" data-processed=\"true\">Die B\u00f6llergruppe Lochb\u00fchl \u2013 Tradition mit ordentlich Wumms!<\/h1>\n<div><br><\/div>\n<div class=\"Y3BBE\" data-sfc-cp=\"\" data-hveid=\"CAEIBBAA\" data-processed=\"true\" data-complete=\"true\"><strong class=\"Yjhzub\" data-complete=\"true\" data-processed=\"true\">Seit 1991 lassen wir es krachen.<\/strong><\/div>\n<div class=\"Y3BBE\" data-sfc-cp=\"\" data-hveid=\"CAEIBRAA\" data-processed=\"true\" data-complete=\"true\">Alles begann an einem Abend im Jahr 1991: Eine Handvoll begeisterter Sch\u00fctzen traf sich zum Informationsabend, der schlie\u00dflich in der offiziellen Gr\u00fcndung der&nbsp;<strong class=\"Yjhzub\" data-complete=\"true\" data-processed=\"true\">\u201eB\u00f6llergruppe Lochb\u00fchl\u201c<\/strong>&nbsp;m\u00fcndete. Als stolze Unterabteilung der Sch\u00fctzengesellschaft Edelwei\u00df Lochb\u00fchl sorgen wir seitdem f\u00fcr den richtigen Sound \u2013 und das nicht nur in unserer Heimat Nagel.<\/div>\n<div class=\"Fsg96\" data-sfc-cp=\"\" data-processed=\"true\" data-complete=\"true\">&nbsp;<\/div>\n<div class=\"otQkpb\" role=\"heading\" aria-level=\"3\" data-animation-nesting=\"\" data-sfc-cp=\"\" data-complete=\"true\" data-processed=\"true\" data-sae=\"\">Regional verwurzelt, \u00fcberregional aktiv<\/div>\n<div class=\"Y3BBE\" data-sfc-cp=\"\" data-hveid=\"CAEIBxAA\" data-processed=\"true\" data-complete=\"true\">Ob beim traditionellen Anschie\u00dfen am 1. Mai in Nagel oder als besonderes Highlight bei Geburtstagen und Hochzeiten: Wir sind zur Stelle, wenn es ein lautstarkes Ehrensalut braucht. Doch unser Aktionsradius endet nicht an der Gemeindegrenze. Wir vertreten die Farben von Edelwei\u00df Lochb\u00fchl mit Stolz in ganz Bayern.<\/div>\n<div class=\"Fsg96\" data-sfc-cp=\"\" data-complete=\"true\" data-processed=\"true\">&nbsp;<\/div>\n<div class=\"otQkpb\" role=\"heading\" aria-level=\"3\" data-animation-nesting=\"\" data-sfc-cp=\"\" data-complete=\"true\" data-processed=\"true\" data-sae=\"\">Unsere Highlights &amp; Meilensteine<\/div>\n<div class=\"otQkpb\" role=\"heading\" aria-level=\"3\" data-animation-nesting=\"\" data-sfc-cp=\"\" data-complete=\"true\" data-processed=\"true\" data-sae=\"\"><br><\/div>\n<div class=\"Y3BBE\" data-sfc-cp=\"\" data-hveid=\"CAEICRAA\" data-processed=\"true\" data-complete=\"true\">Wir blicken auf eine bewegte Geschichte mit beeindruckenden Erlebnissen zur\u00fcck:<\/div>\n<div class=\"Y3BBE\" data-sfc-cp=\"\" data-hveid=\"CAEICRAA\" data-processed=\"true\" data-complete=\"true\"><br><\/div>\n<ul class=\"KsbFXc U6u95\" data-processed=\"true\" data-complete=\"true\">\n<li data-hveid=\"CAEIChAA\" data-complete=\"true\" data-sae=\"\"><span class=\"T286Pc\" data-sfc-cp=\"\" data-complete=\"true\"><strong class=\"Yjhzub\" data-complete=\"true\">Gro\u00dfereignisse:<\/strong>&nbsp;Teilnahme an den Bayerischen B\u00f6llertreffen in Lohkirchen und Ruhpolding mit bis zu&nbsp;<strong class=\"Yjhzub\" data-complete=\"true\">3.500 aktiven B\u00f6llersch\u00fctzen<\/strong>.<\/span><\/li>\n<li data-hveid=\"CAEIChAB\" data-complete=\"true\" data-sae=\"\"><span class=\"T286Pc\" data-sfc-cp=\"\" data-complete=\"true\"><strong class=\"Yjhzub\" data-complete=\"true\">Netzwerk:<\/strong>&nbsp;Pr\u00e4senz beim Gaub\u00f6llertreffen sowie beim gro\u00dfen B\u00f6llertreffen des Bezirks M\u00fcnchen im Jahr 2000.<\/span><\/li>\n<li data-hveid=\"CAEIChAC\" data-complete=\"true\" data-sae=\"\"><span class=\"T286Pc\" data-sfc-cp=\"\" data-complete=\"true\"><strong class=\"Yjhzub\" data-complete=\"true\">Jubil\u00e4um:<\/strong>&nbsp;Im Rahmen unseres Vereinsfestes 2016 feierten wir geb\u00fchrend unser&nbsp;<strong class=\"Yjhzub\" data-complete=\"true\">25-j\u00e4hriges Bestehen<\/strong>.<\/span><\/li>\n<\/ul>\n<div class=\"Fsg96\" data-sfc-cp=\"\" data-processed=\"true\" data-complete=\"true\">&nbsp;<\/div>\n<div class=\"otQkpb\" role=\"heading\" aria-level=\"3\" data-animation-nesting=\"\" data-sfc-cp=\"\" data-complete=\"true\" data-processed=\"true\" data-sae=\"\">Eine starke Truppe<\/div>\n<div class=\"otQkpb\" role=\"heading\" aria-level=\"3\" data-animation-nesting=\"\" data-sfc-cp=\"\" data-complete=\"true\" data-processed=\"true\" data-sae=\"\"><br><\/div>\n<div class=\"Y3BBE\" data-sfc-cp=\"\" data-hveid=\"CAEIDBAA\" data-processed=\"true\" data-complete=\"true\">Heute besteht die B\u00f6llergruppe aus&nbsp;<strong class=\"Yjhzub\" data-complete=\"true\" data-processed=\"true\">17 aktiven Personen<\/strong>&nbsp;\u2013 ein starkes Team, das Brauchtum und Kameradschaft gro\u00dfschreibt.<\/div>\n<div class=\"Y3BBE\" data-sfc-cp=\"\" data-hveid=\"CAEIDBAA\" data-processed=\"true\" data-complete=\"true\"><br><\/div>\n<div class=\"Y3BBE\" data-sfc-cp=\"\" data-hveid=\"CAEIDRAA\" data-processed=\"true\" data-complete=\"true\" aria-owns=\"action-menu-toolbar\"><strong class=\"Yjhzub\" data-complete=\"true\" data-processed=\"true\">Lust auf Tradition mit Schuss?<\/strong><\/div>\n<div class=\"Y3BBE\" data-sfc-cp=\"\" data-hveid=\"CAEIDRAA\" data-processed=\"true\" data-complete=\"true\" aria-owns=\"action-menu-toolbar\"><b><br data-serialized-params=\"[]\" data-complete=\"true\" data-processed=\"true\"><\/b>Besuchen Sie uns bei unseren n\u00e4chsten Auftritten oder kontaktieren Sie uns direkt \u00fcber die&nbsp;<span data-sfc-cp=\"\" data-complete=\"true\" data-processed=\"true\"><a class=\"H23r4e\" href=\"https:\/\/sg-edelweiss-lochbuehl.com\/\" target=\"_blank\" rel=\"noopener\" data-hveid=\"CAEIDRAB\" data-processed=\"true\">SG Edelwei\u00df Lochb\u00fchl<\/a><\/span>.<\/div>\n<div class=\"Y3BBE\" data-sfc-cp=\"\" data-hveid=\"CAEIDRAA\" data-processed=\"true\" data-complete=\"true\" aria-owns=\"action-menu-toolbar\"><br><\/div>\n<div class=\"Y3BBE\" data-sfc-cp=\"\" data-hveid=\"CAEIDRAA\" data-processed=\"true\" data-complete=\"true\" aria-owns=\"action-menu-toolbar\"><br><\/div>\n<\/div>\n<\/div>\n<\/div>\n<\/div>\n<div class=\"zpRow standard \">\n<div class=\"zpColumn zpColumnWidth2 c6\">\n<div class=\"zpColumnItem\">\n<div id=\"a1430\" class=\"articlearea zpwText\" data-articleid=\"1430\">\n<p><b><i>Kommandant:&nbsp; <\/i><\/b><b>Schlicht Matthias<\/b><\/p>\n<\/div>\n<div id=\"a1430\" class=\"articlearea zpwText\" data-articleid=\"1430\">Silberhausstr. 21&nbsp;<\/div>\n<div class=\"articlearea zpwText\" data-articleid=\"1430\">95697 Nagel<\/div>\n<div class=\"articlearea zpwText\" data-articleid=\"1430\">\n<p>0170\/2750402<\/p>\n<p><b><i>Schu\u00dfmeister:&nbsp; <\/i><\/b><strong>Schindler Bernd<\/strong><\/p>\n<p>Burgweg 2<br>95697 Nagel<\/p>\n<p>0151\/59067098<\/p>\n<\/div>\n<\/div>\n<\/div>\n<\/div>\t\t\t\t\t\t\t\t<\/div>\n\t\t\t\t<\/div>\n\t\t\t\t\t<\/div>\n\t\t<\/div>\n\t\t\t\t<div class=\"elementor-column elementor-col-50 elementor-top-column elementor-element elementor-element-466e2a2\" data-id=\"466e2a2\" data-element_type=\"column\" data-e-type=\"column\">\n\t\t\t<div class=\"elementor-widget-wrap elementor-element-populated\">\n\t\t\t\t\t\t<div class=\"elementor-element elementor-element-aeada48 elementor-widget elementor-widget-image\" data-id=\"aeada48\" data-element_type=\"widget\" data-e-type=\"widget\" data-widget_type=\"image.default\">\n\t\t\t\t<div class=\"elementor-widget-container\">\n\t\t\t\t\t\t\t\t\t\t\t\t\t\t\t<img decoding=\"async\" width=\"260\" height=\"173\" src=\"http:\/\/sg-edelweiss-lochbuehl.com\/wp-content\/uploads\/2023\/12\/handboeller_1_p1-large.png\" class=\"attachment-large size-large wp-image-654\" alt=\"\" \/>\t\t\t\t\t\t\t\t\t\t\t\t\t\t\t<\/div>\n\t\t\t\t<\/div>\n\t\t\t\t<div class=\"elementor-element elementor-element-a5b1705 elementor-widget elementor-widget-image\" data-id=\"a5b1705\" data-element_type=\"widget\" data-e-type=\"widget\" data-widget_type=\"image.default\">\n\t\t\t\t<div class=\"elementor-widget-container\">\n\t\t\t\t\t\t\t\t\t\t\t\t\t\t\t<img fetchpriority=\"high\" decoding=\"async\" width=\"790\" height=\"527\" src=\"http:\/\/sg-edelweiss-lochbuehl.com\/wp-content\/uploads\/2023\/12\/boellertreffen_1-large.png\" class=\"attachment-large size-large wp-image-656\" alt=\"\" srcset=\"http:\/\/sg-edelweiss-lochbuehl.com\/wp-content\/uploads\/2023\/12\/boellertreffen_1-large.png 790w, http:\/\/sg-edelweiss-lochbuehl.com\/wp-content\/uploads\/2023\/12\/boellertreffen_1-large-300x200.png 300w, http:\/\/sg-edelweiss-lochbuehl.com\/wp-content\/uploads\/2023\/12\/boellertreffen_1-large-768x512.png 768w, http:\/\/sg-edelweiss-lochbuehl.com\/wp-content\/uploads\/2023\/12\/boellertreffen_1-large-420x280.png 420w\" sizes=\"(max-width: 790px) 100vw, 790px\" \/>\t\t\t\t\t\t\t\t\t\t\t\t\t\t\t<\/div>\n\t\t\t\t<\/div>\n\t\t\t\t<div class=\"elementor-element elementor-element-da2d547 elementor-widget__width-initial elementor-widget elementor-widget-image\" data-id=\"da2d547\" data-element_type=\"widget\" data-e-type=\"widget\" data-widget_type=\"image.default\">\n\t\t\t\t<div class=\"elementor-widget-container\">\n\t\t\t\t\t\t\t\t\t\t\t\t\t\t\t<img decoding=\"async\" width=\"960\" height=\"815\" src=\"http:\/\/sg-edelweiss-lochbuehl.com\/wp-content\/uploads\/2023\/11\/boeller3.jpg\" class=\"attachment-large size-large wp-image-418\" alt=\"\" srcset=\"http:\/\/sg-edelweiss-lochbuehl.com\/wp-content\/uploads\/2023\/11\/boeller3.jpg 960w, http:\/\/sg-edelweiss-lochbuehl.com\/wp-content\/uploads\/2023\/11\/boeller3-300x255.jpg 300w, http:\/\/sg-edelweiss-lochbuehl.com\/wp-content\/uploads\/2023\/11\/boeller3-768x652.jpg 768w\" sizes=\"(max-width: 960px) 100vw, 960px\" \/>\t\t\t\t\t\t\t\t\t\t\t\t\t\t\t<\/div>\n\t\t\t\t<\/div>\n\t\t\t\t<div class=\"elementor-element elementor-element-af85f9f elementor-widget elementor-widget-image\" data-id=\"af85f9f\" data-element_type=\"widget\" data-e-type=\"widget\" data-widget_type=\"image.default\">\n\t\t\t\t<div class=\"elementor-widget-container\">\n\t\t\t\t\t\t\t\t\t\t\t\t\t\t\t<img loading=\"lazy\" decoding=\"async\" width=\"790\" height=\"527\" src=\"http:\/\/sg-edelweiss-lochbuehl.com\/wp-content\/uploads\/2023\/12\/boellertreffen_3-large.png\" class=\"attachment-large size-large wp-image-655\" alt=\"\" srcset=\"http:\/\/sg-edelweiss-lochbuehl.com\/wp-content\/uploads\/2023\/12\/boellertreffen_3-large.png 790w, http:\/\/sg-edelweiss-lochbuehl.com\/wp-content\/uploads\/2023\/12\/boellertreffen_3-large-300x200.png 300w, http:\/\/sg-edelweiss-lochbuehl.com\/wp-content\/uploads\/2023\/12\/boellertreffen_3-large-768x512.png 768w, http:\/\/sg-edelweiss-lochbuehl.com\/wp-content\/uploads\/2023\/12\/boellertreffen_3-large-420x280.png 420w\" sizes=\"(max-width: 790px) 100vw, 790px\" \/>\t\t\t\t\t\t\t\t\t\t\t\t\t\t\t<\/div>\n\t\t\t\t<\/div>\n\t\t\t\t\t<\/div>\n\t\t<\/div>\n\t\t\t\t\t<\/div>\n\t\t<\/section>\n\t\t\t\t<section class=\"elementor-section elementor-top-section elementor-element elementor-element-9189ba9 elementor-section-boxed elementor-section-height-default elementor-section-height-default\" data-id=\"9189ba9\" data-element_type=\"section\" data-e-type=\"section\">\n\t\t\t\t\t\t<div class=\"elementor-container elementor-column-gap-default\">\n\t\t\t\t\t<div class=\"elementor-column elementor-col-100 elementor-top-column elementor-element elementor-element-4436af5\" data-id=\"4436af5\" data-element_type=\"column\" data-e-type=\"column\">\n\t\t\t<div class=\"elementor-widget-wrap\">\n\t\t\t\t\t\t\t<\/div>\n\t\t<\/div>\n\t\t\t\t\t<\/div>\n\t\t<\/section>\n\t\t\t\t<section class=\"elementor-section elementor-top-section elementor-element elementor-element-33a7d58 elementor-section-boxed elementor-section-height-default elementor-section-height-default\" data-id=\"33a7d58\" data-element_type=\"section\" data-e-type=\"section\">\n\t\t\t\t\t\t<div class=\"elementor-container elementor-column-gap-default\">\n\t\t\t\t\t<div class=\"elementor-column elementor-col-100 elementor-top-column elementor-element elementor-element-15734af\" data-id=\"15734af\" data-element_type=\"column\" data-e-type=\"column\">\n\t\t\t<div class=\"elementor-widget-wrap\">\n\t\t\t\t\t\t\t<\/div>\n\t\t<\/div>\n\t\t\t\t\t<\/div>\n\t\t<\/section>\n\t\t\t\t<\/div>\n\t\t","protected":false},"excerpt":{"rendered":"<p>Die B\u00f6llergruppe Lochb\u00fchl \u2013 Tradition mit ordentlich Wumms! Seit 1991 lassen wir es krachen. Alles begann an einem Abend im Jahr 1991: Eine Handvoll begeisterter Sch\u00fctzen traf sich zum Informationsabend, [&hellip;]<\/p>\n","protected":false},"author":1,"featured_media":0,"parent":0,"menu_order":0,"comment_status":"closed","ping_status":"closed","template":"","meta":{"footnotes":""},"class_list":["post-129","page","type-page","status-publish","hentry"],"_links":{"self":[{"href":"http:\/\/sg-edelweiss-lochbuehl.com\/index.php?rest_route=\/wp\/v2\/pages\/129","targetHints":{"allow":["GET"]}}],"collection":[{"href":"http:\/\/sg-edelweiss-lochbuehl.com\/index.php?rest_route=\/wp\/v2\/pages"}],"about":[{"href":"http:\/\/sg-edelweiss-lochbuehl.com\/index.php?rest_route=\/wp\/v2\/types\/page"}],"author":[{"embeddable":true,"href":"http:\/\/sg-edelweiss-lochbuehl.com\/index.php?rest_route=\/wp\/v2\/users\/1"}],"replies":[{"embeddable":true,"href":"http:\/\/sg-edelweiss-lochbuehl.com\/index.php?rest_route=%2Fwp%2Fv2%2Fcomments&post=129"}],"version-history":[{"count":29,"href":"http:\/\/sg-edelweiss-lochbuehl.com\/index.php?rest_route=\/wp\/v2\/pages\/129\/revisions"}],"predecessor-version":[{"id":1294,"href":"http:\/\/sg-edelweiss-lochbuehl.com\/index.php?rest_route=\/wp\/v2\/pages\/129\/revisions\/1294"}],"wp:attachment":[{"href":"http:\/\/sg-edelweiss-lochbuehl.com\/index.php?rest_route=%2Fwp%2Fv2%2Fmedia&parent=129"}],"curies":[{"name":"wp","href":"https:\/\/api.w.org\/{rel}","templated":true}]}}