{"id":161,"date":"2020-03-26T11:47:13","date_gmt":"2020-03-26T11:47:13","guid":{"rendered":"http:\/\/sg-edelweiss-lochbuehl.com\/?page_id=161"},"modified":"2026-02-09T11:34:45","modified_gmt":"2026-02-09T10:34:45","slug":"schuetzenkoenige","status":"publish","type":"page","link":"http:\/\/sg-edelweiss-lochbuehl.com\/?page_id=161","title":{"rendered":"Sch\u00fctzenk\u00f6nige"},"content":{"rendered":"\t\t<div data-elementor-type=\"wp-page\" data-elementor-id=\"161\" class=\"elementor elementor-161\">\n\t\t\t\t\t\t<section class=\"elementor-section elementor-top-section elementor-element elementor-element-8e8ccdc elementor-section-boxed elementor-section-height-default elementor-section-height-default\" data-id=\"8e8ccdc\" data-element_type=\"section\" data-e-type=\"section\">\n\t\t\t\t\t\t<div class=\"elementor-container elementor-column-gap-default\">\n\t\t\t\t\t<div class=\"elementor-column elementor-col-100 elementor-top-column elementor-element elementor-element-bbe2390\" data-id=\"bbe2390\" data-element_type=\"column\" data-e-type=\"column\">\n\t\t\t<div class=\"elementor-widget-wrap elementor-element-populated\">\n\t\t\t\t\t\t<div class=\"elementor-element elementor-element-a45f0d2 elementor-widget elementor-widget-text-editor\" data-id=\"a45f0d2\" data-element_type=\"widget\" data-e-type=\"widget\" data-widget_type=\"text-editor.default\">\n\t\t\t\t<div class=\"elementor-widget-container\">\n\t\t\t\t\t\t\t\t\t<h2><b>Die Sch\u00fctzenk\u00f6nige der letzten Jahre von der SG Edelwei\u00df Lochb\u00fchl:<\/b><\/h2><table border=\"1\" width=\"100%\" cellpadding=\"0\"><tbody><tr><td valign=\"top\" width=\"33%\"><h2><b>Jahr<\/b><\/h2><\/td><td valign=\"top\" width=\"33%\"><h2><b>Sch\u00fctzenk\u00f6nige<\/b><\/h2><\/td><td valign=\"top\" width=\"34%\"><h2><b>Jungsch\u00fctzenk\u00f6nig<\/b><\/h2><\/td><\/tr><tr><td valign=\"top\" width=\"33%\"><p class=\"zparea zpgrid\" data-areaname=\"Standard\"><span style=\"font-size: 20px;\">2<\/span><span style=\"font-size: 20px;\">026<\/span><\/p><\/td><td valign=\"top\" width=\"33%\">\u00a0<\/td><td valign=\"top\" width=\"34%\">\u00a0<\/td><\/tr><tr><td valign=\"top\" width=\"33%\"><p class=\"zparea zpgrid\" data-areaname=\"Standard\"><strong><span style=\"font-size: 20px;\">2<\/span><span style=\"font-size: 20px;\">025<\/span><\/strong><\/p><\/td><td valign=\"top\" width=\"33%\">\u00a0<\/td><td valign=\"top\" width=\"34%\">\u00a0<\/td><\/tr><tr><td valign=\"top\" width=\"33%\"><p class=\"zparea zpgrid\" data-areaname=\"Standard\"><span style=\"font-size: 20px;\">2024<\/span><\/p><\/td><td valign=\"top\" width=\"33%\">\u00a0<\/td><td valign=\"top\" width=\"34%\">\u00a0<\/td><\/tr><tr><td valign=\"top\" width=\"33%\"><p class=\"zparea zpgrid\" data-areaname=\"Standard\"><span style=\"font-size: 20px;\">2023<\/span><\/p><\/td><td valign=\"top\" width=\"33%\">\u00a0<\/td><td valign=\"top\" width=\"34%\">\u00a0<\/td><\/tr><tr><td valign=\"top\" width=\"33%\"><p class=\"zparea zpgrid\" data-areaname=\"Standard\"><span style=\"font-size: 20px;\">2022<\/span><\/p><\/td><td valign=\"top\" width=\"33%\">\u00a0<\/td><td valign=\"top\" width=\"34%\">\u00a0<\/td><\/tr><tr><td valign=\"top\" width=\"33%\"><p class=\"zparea zpgrid\" data-areaname=\"Standard\"><span style=\"font-size: 20px;\">2021<\/span><\/p><\/td><td valign=\"top\" width=\"33%\">\u00a0<\/td><td valign=\"top\" width=\"34%\">\u00a0<\/td><\/tr><tr><td valign=\"top\" width=\"33%\"><p class=\"zparea zpgrid\" data-areaname=\"Standard\"><span style=\"font-size: 18px;\"><b>2020<\/b><\/span><\/p><\/td><td valign=\"top\" width=\"33%\">\u00a0<\/td><td valign=\"top\" width=\"34%\">\u00a0<\/td><\/tr><tr><td valign=\"top\" width=\"33%\"><div class=\"zparea zpgrid\" data-numcolumns=\"\" data-areaname=\"Standard\"><span style=\"font-size: 20px;\">2019<\/span><\/div><\/td><td valign=\"top\" width=\"33%\">Anna Langer<\/td><\/tr><tr><td valign=\"top\" width=\"33%\"><div class=\"zparea zpgrid\" data-numcolumns=\"\" data-areaname=\"Standard\"><span style=\"font-size: 18 px;\">2018<\/span><\/div><\/td><td valign=\"top\" width=\"33%\">P\u00f6llmann Georg<\/td><td valign=\"top\" width=\"34%\">Laura N\u00fcrnberger<\/td><\/tr><tr><td valign=\"top\" width=\"33%\"><p class=\"zparea zpgrid\" data-areaname=\"Standard\">2017<\/p><\/td><td valign=\"top\" width=\"33%\">Christian\u00a0Schindler<\/td><td valign=\"top\" width=\"34%\">Laura N\u00fcrnberger<\/td><\/tr><tr><td valign=\"top\" width=\"33%\">2016<\/td><td valign=\"top\" width=\"33%\">Christian\u00a0Schindler<\/td><td valign=\"top\" width=\"34%\">Laura N\u00fcrnberger<\/td><\/tr><tr><td valign=\"top\" width=\"33%\"><h2 class=\"zparea zpgrid\" data-areaname=\"Standard\"><strong>2015<\/strong><\/h2><\/td><td valign=\"top\" width=\"33%\"><strong>Bernd Schindler<\/strong><\/td><td valign=\"top\" width=\"34%\"><strong>Laura N\u00fcrnberger<\/strong><\/td><\/tr><tr><td valign=\"top\" width=\"33%\">2014<\/td><td valign=\"top\" width=\"33%\">Christian Schindler<\/td><td valign=\"top\" width=\"34%\">Sophia Kneidl<\/td><\/tr><tr><td valign=\"top\" width=\"33%\">2013<\/td><td valign=\"top\" width=\"33%\">Thomas N\u00fcrnberger<\/td><td valign=\"top\" width=\"34%\">Sandra Schindler<\/td><\/tr><tr><td valign=\"top\" width=\"33%\">2012<\/td><td valign=\"top\" width=\"33%\">Wolfgang Kneidl<\/td><td valign=\"top\" width=\"34%\">Sandra Schindler<\/td><\/tr><tr><td valign=\"top\" width=\"33%\">2011<\/td><td valign=\"top\" width=\"33%\">Wolfgang Kneidl<\/td><td valign=\"top\" width=\"34%\">Sandra Schindler<\/td><\/tr><tr><td valign=\"top\" width=\"33%\"><b>2010<\/b><\/td><td valign=\"top\" width=\"33%\"><strong>Thomas N\u00fcrnberger<\/strong><\/td><td valign=\"top\" width=\"34%\"><strong>Thomas S\u00f6llner<\/strong><\/td><\/tr><tr><td valign=\"top\" width=\"33%\">2009<\/td><td valign=\"top\" width=\"33%\">Lisa Bauer<\/td><td valign=\"top\" width=\"34%\">Scharf Julian<\/td><\/tr><tr><td valign=\"top\" width=\"33%\">2008<\/td><td valign=\"top\" width=\"33%\">Schindler Christian<\/td><td valign=\"top\" width=\"34%\">Scharf Julian<\/td><\/tr><tr><td valign=\"top\" width=\"33%\">2007<\/td><td valign=\"top\" width=\"33%\">Sp\u00e4nle Heinrich<\/td><td valign=\"top\" width=\"34%\">Schr\u00f6ter Phillip<\/td><\/tr><tr><td valign=\"top\" width=\"33%\">2006<\/td><td valign=\"top\" width=\"33%\">Scharf Maria<\/td><td valign=\"top\" width=\"34%\">Schindler Bernd<\/td><\/tr><tr><td valign=\"top\" width=\"33%\"><strong>2005<\/strong><\/td><td valign=\"top\" width=\"33%\"><strong>S\u00f6llner Melissa<\/strong><\/td><td valign=\"top\" width=\"34%\"><strong>Scharf Julian<\/strong><\/td><\/tr><tr><td valign=\"top\" width=\"33%\">2004<\/td><td valign=\"top\" width=\"33%\">N\u00fcrnberger Thomas<\/td><td valign=\"top\" width=\"34%\">Schindler Matthias<\/td><\/tr><tr><td valign=\"top\" width=\"33%\">2003<\/td><td valign=\"top\" width=\"33%\">Sp\u00e4nle Heinrich<\/td><td valign=\"top\" width=\"34%\">Schindler Christian<\/td><\/tr><tr><td valign=\"top\" width=\"33%\">2002<\/td><td valign=\"top\" width=\"33%\">Scharf Maria<\/td><td valign=\"top\" width=\"34%\">Schindler Christian<\/td><\/tr><tr><td valign=\"top\" width=\"33%\">2001<\/td><td valign=\"top\" width=\"33%\">Kneidl Wolfgang<\/td><td valign=\"top\" width=\"34%\">Schindler Christian<\/td><\/tr><tr><td valign=\"top\" width=\"33%\"><strong>2000<\/strong><\/td><td valign=\"top\" width=\"33%\"><strong>Riedel Ulrich<\/strong><\/td><td valign=\"top\" width=\"34%\"><strong>Schindler Christian<\/strong><\/td><\/tr><tr><td valign=\"top\" width=\"33%\">1999<\/td><td valign=\"top\" width=\"33%\">Riedel Alexander<\/td><td valign=\"top\" width=\"34%\">P\u00f6llath Johannes<\/td><\/tr><tr><td valign=\"top\" width=\"33%\">1998<\/td><td valign=\"top\" width=\"33%\">N\u00fcrnberger Thomas<\/td><td valign=\"top\" width=\"34%\">Schindler Christian<\/td><\/tr><tr><td valign=\"top\" width=\"33%\">1997<\/td><td valign=\"top\" width=\"33%\">Kneidl Wolfgang<\/td><td valign=\"top\" width=\"34%\">Sticht Dominik<\/td><\/tr><tr><td valign=\"top\" width=\"33%\">1996<\/td><td valign=\"top\" width=\"33%\">Schindler Albert<\/td><td valign=\"top\" width=\"34%\">Kneidl Wolfgang<\/td><\/tr><tr><td valign=\"top\" width=\"33%\"><strong>1995<\/strong><\/td><td valign=\"top\" width=\"33%\"><strong>Ritter Hans<\/strong><\/td><td valign=\"top\" width=\"34%\"><strong>Kneidl Wolfgang<\/strong><\/td><\/tr><tr><td valign=\"top\" width=\"33%\">1994<\/td><td valign=\"top\" width=\"33%\">N\u00fcrnberger Thomas<\/td><td valign=\"top\" width=\"34%\">Kneidl Wolfgang<\/td><\/tr><tr><td valign=\"top\" width=\"33%\">1993<\/td><td valign=\"top\" width=\"33%\">P\u00f6llath Helmut<\/td><td valign=\"top\" width=\"34%\">Kneidl Wolfgang<\/td><\/tr><tr><td valign=\"top\" width=\"33%\">1992<\/td><td valign=\"top\" width=\"33%\">Riedel Alexander<\/td><td valign=\"top\" width=\"34%\">S\u00f6llner Melissa<\/td><\/tr><tr><td valign=\"top\" width=\"33%\">1991<\/td><td valign=\"top\" width=\"33%\">S\u00f6llner Helmut<\/td><td valign=\"top\" width=\"34%\">S\u00f6llner Melissa<\/td><\/tr><tr><td valign=\"top\" width=\"33%\"><b>1990<\/b><\/td><td valign=\"top\" width=\"33%\">Riedel Alexander<\/td><td valign=\"top\" width=\"34%\">\u00a0<\/td><\/tr><tr><td valign=\"top\" width=\"33%\">1989<\/td><td valign=\"top\" width=\"33%\">P\u00f6llath Wolfgang<\/td><td valign=\"top\" width=\"34%\">\u00a0<\/td><\/tr><tr><td valign=\"top\" width=\"33%\">1988<\/td><td valign=\"top\" width=\"33%\">Sturm Albert<\/td><td valign=\"top\" width=\"34%\">\u00a0<\/td><\/tr><tr><td valign=\"top\" width=\"33%\">1987<\/td><td valign=\"top\" width=\"33%\">P\u00f6llath Franz<\/td><td valign=\"top\" width=\"34%\">\u00a0<\/td><\/tr><tr><td valign=\"top\" width=\"33%\">1986<\/td><td valign=\"top\" width=\"33%\">P\u00f6llath Erwin<\/td><td valign=\"top\" width=\"34%\">\u00a0<\/td><\/tr><tr><td valign=\"top\" width=\"33%\"><b>1985<\/b><\/td><td valign=\"top\" width=\"33%\">P\u00f6llath Erwin<\/td><td valign=\"top\" width=\"34%\">\u00a0<\/td><\/tr><tr><td valign=\"top\" width=\"33%\">1984<\/td><td valign=\"top\" width=\"33%\">Riedel Alexander<\/td><td valign=\"top\" width=\"34%\">\u00a0<\/td><\/tr><tr><td valign=\"top\" width=\"33%\">1983<\/td><td valign=\"top\" width=\"33%\">S\u00f6llner Helmut<\/td><td valign=\"top\" width=\"34%\">\u00a0<\/td><\/tr><tr><td valign=\"top\" width=\"33%\">1982<\/td><td valign=\"top\" width=\"33%\">S\u00f6llner Helmut<\/td><td valign=\"top\" width=\"34%\">\u00a0<\/td><\/tr><tr><td valign=\"top\" width=\"33%\">1981<\/td><td valign=\"top\" width=\"33%\">Ritter Hans<\/td><td valign=\"top\" width=\"34%\">\u00a0<\/td><\/tr><tr><td valign=\"top\" width=\"33%\">1980<\/td><td valign=\"top\" width=\"33%\">\u00a0<\/td><td valign=\"top\" width=\"34%\">\u00a0<\/td><\/tr><tr><td valign=\"top\" width=\"33%\">1979<\/td><td valign=\"top\" width=\"33%\">\u00a0<\/td><td valign=\"top\" width=\"34%\">\u00a0<\/td><\/tr><tr><td valign=\"top\" width=\"33%\">1978<\/td><td valign=\"top\" width=\"33%\">\u00a0<\/td><td valign=\"top\" width=\"34%\">\u00a0<\/td><\/tr><tr><td valign=\"top\" width=\"33%\">1977<\/td><td valign=\"top\" width=\"33%\">\u00a0<\/td><td valign=\"top\" width=\"34%\">\u00a0<\/td><\/tr><tr><td valign=\"top\" width=\"33%\">1976<\/td><td valign=\"top\" width=\"33%\">\u00a0<\/td><td valign=\"top\" width=\"34%\">\u00a0<\/td><\/tr><tr><td valign=\"top\" width=\"33%\">1975<\/td><td valign=\"top\" width=\"33%\">\u00a0<\/td><td valign=\"top\" width=\"34%\">\u00a0<\/td><\/tr><tr><td valign=\"top\" width=\"33%\">1974<\/td><td valign=\"top\" width=\"33%\">\u00a0<\/td><td valign=\"top\" width=\"34%\">\u00a0<\/td><\/tr><tr><td valign=\"top\" width=\"33%\">1973<\/td><td valign=\"top\" width=\"33%\">\u00a0<\/td><td valign=\"top\" width=\"34%\">\u00a0<\/td><\/tr><tr><td valign=\"top\" width=\"33%\">1972<\/td><td valign=\"top\" width=\"33%\">\u00a0<\/td><td valign=\"top\" width=\"34%\">\u00a0<\/td><\/tr><tr><td valign=\"top\" width=\"33%\">1971<\/td><td valign=\"top\" width=\"33%\">\u00a0<\/td><td valign=\"top\" width=\"34%\">\u00a0<\/td><\/tr><tr><td valign=\"top\" width=\"33%\">1970<\/td><td valign=\"top\" width=\"33%\">\u00a0<\/td><td valign=\"top\" width=\"34%\">\u00a0<\/td><\/tr><tr><td valign=\"top\" width=\"33%\">1969<\/td><td valign=\"top\" width=\"33%\">\u00a0<\/td><td valign=\"top\" width=\"34%\">\u00a0<\/td><\/tr><tr><td valign=\"top\" width=\"33%\">1968<\/td><td valign=\"top\" width=\"33%\">\u00a0<\/td><td valign=\"top\" width=\"34%\">\u00a0<\/td><\/tr><tr><td valign=\"top\" width=\"33%\">1967<\/td><td valign=\"top\" width=\"33%\">\u00a0<\/td><td valign=\"top\" width=\"34%\">\u00a0<\/td><\/tr><tr><td valign=\"top\" width=\"33%\">1966<\/td><td valign=\"top\" width=\"33%\">\u00a0<\/td><td valign=\"top\" width=\"34%\">\u00a0<\/td><\/tr><tr><td valign=\"top\" width=\"33%\">1965<\/td><\/tr><\/tbody><\/table>\t\t\t\t\t\t\t\t<\/div>\n\t\t\t\t<\/div>\n\t\t\t\t\t<\/div>\n\t\t<\/div>\n\t\t\t\t\t<\/div>\n\t\t<\/section>\n\t\t\t\t<\/div>\n\t\t","protected":false},"excerpt":{"rendered":"<p>Die Sch\u00fctzenk\u00f6nige der letzten Jahre von der SG Edelwei\u00df Lochb\u00fchl: Jahr Sch\u00fctzenk\u00f6nige Jungsch\u00fctzenk\u00f6nig 2026 \u00a0 \u00a0 2025 \u00a0 \u00a0 2024 \u00a0 \u00a0 2023 \u00a0 \u00a0 2022 \u00a0 \u00a0 2021 \u00a0 [&hellip;]<\/p>\n","protected":false},"author":1,"featured_media":0,"parent":0,"menu_order":0,"comment_status":"closed","ping_status":"closed","template":"","meta":{"footnotes":""},"class_list":["post-161","page","type-page","status-publish","hentry"],"_links":{"self":[{"href":"http:\/\/sg-edelweiss-lochbuehl.com\/index.php?rest_route=\/wp\/v2\/pages\/161","targetHints":{"allow":["GET"]}}],"collection":[{"href":"http:\/\/sg-edelweiss-lochbuehl.com\/index.php?rest_route=\/wp\/v2\/pages"}],"about":[{"href":"http:\/\/sg-edelweiss-lochbuehl.com\/index.php?rest_route=\/wp\/v2\/types\/page"}],"author":[{"embeddable":true,"href":"http:\/\/sg-edelweiss-lochbuehl.com\/index.php?rest_route=\/wp\/v2\/users\/1"}],"replies":[{"embeddable":true,"href":"http:\/\/sg-edelweiss-lochbuehl.com\/index.php?rest_route=%2Fwp%2Fv2%2Fcomments&post=161"}],"version-history":[{"count":22,"href":"http:\/\/sg-edelweiss-lochbuehl.com\/index.php?rest_route=\/wp\/v2\/pages\/161\/revisions"}],"predecessor-version":[{"id":1323,"href":"http:\/\/sg-edelweiss-lochbuehl.com\/index.php?rest_route=\/wp\/v2\/pages\/161\/revisions\/1323"}],"wp:attachment":[{"href":"http:\/\/sg-edelweiss-lochbuehl.com\/index.php?rest_route=%2Fwp%2Fv2%2Fmedia&parent=161"}],"curies":[{"name":"wp","href":"https:\/\/api.w.org\/{rel}","templated":true}]}}