{"id":28,"date":"2020-01-23T14:43:16","date_gmt":"2020-01-23T14:43:16","guid":{"rendered":"http:\/\/sg-edelweiss-lochbuehl.com\/?page_id=28"},"modified":"2020-01-23T15:10:26","modified_gmt":"2020-01-23T15:10:26","slug":"datenschutz","status":"publish","type":"page","link":"http:\/\/sg-edelweiss-lochbuehl.com\/?page_id=28","title":{"rendered":"Datenschutz"},"content":{"rendered":"\n<p><strong>Datenschutzerkl\u00e4rung<\/strong><\/p>\n\n\n\n<p>Die Betreiber dieser Seiten nehmen den Schutz Ihrer \npers\u00f6nlichen Daten sehr ernst. Wir behandeln Ihre personenbezogenen \nDaten vertraulich und entsprechend der gesetzlichen \nDatenschutzvorschriften sowie dieser Datenschutzerkl\u00e4rung.<\/p>\n\n\n\n<p>Die Nutzung unserer Website ist in der Regel ohne Angabe\n personenbezogener Daten m\u00f6glich. Soweit auf unseren Seiten \npersonenbezogene Daten (beispielsweise Name, Anschrift oder \nE-Mail-Adressen) erhoben werden, erfolgt dies, soweit m\u00f6glich, stets auf\n freiwilliger Basis. Diese Daten werden ohne Ihre ausdr\u00fcckliche \nZustimmung nicht an Dritte weitergegeben.<\/p>\n\n\n\n<p>Wir weisen darauf hin, dass die Daten\u00fcbertragung im \nInternet (z.B. bei der Kommunikation per E-Mail) Sicherheitsl\u00fccken \naufweisen kann. Ein l\u00fcckenloser Schutz der Daten vor dem Zugriff durch \nDritte ist nicht m\u00f6glich.<\/p>\n\n\n\n<p><strong>Cookies<\/strong><\/p>\n\n\n\n<p>Die Internetseiten verwenden teilweise so genannte \nCookies. Cookies richten auf Ihrem Rechner keinen Schaden an und \nenthalten keine Viren. Cookies dienen dazu, unser Angebot \nnutzerfreundlicher, effektiver und sicherer zu machen. Cookies sind \nkleine Textdateien, die auf Ihrem Rechner abgelegt werden und die Ihr \nBrowser speichert.<\/p>\n\n\n\n<p>Die meisten der von uns verwendeten Cookies sind so \ngenannte \u201eSession-Cookies\u201c. Sie werden nach Ende Ihres Besuchs \nautomatisch gel\u00f6scht. Andere Cookies bleiben auf Ihrem Endger\u00e4t \ngespeichert, bis Sie diese l\u00f6schen. Diese Cookies erm\u00f6glichen es uns, \nIhren Browser beim n\u00e4chsten Besuch wiederzuerkennen.<\/p>\n\n\n\n<p>Sie k\u00f6nnen Ihren Browser so einstellen, dass Sie \u00fcber \ndas Setzen von Cookies informiert werden und Cookies nur im Einzelfall \nerlauben, die Annahme von Cookies f\u00fcr bestimmte F\u00e4lle oder generell \nausschlie\u00dfen sowie das automatische L\u00f6schen der Cookies beim Schlie\u00dfen \ndes Browser aktivieren. Bei der Deaktivierung von Cookies kann die \nFunktionalit\u00e4t dieser Website eingeschr\u00e4nkt sein.<\/p>\n\n\n\n<p><strong>Server-Log-Files<\/strong><\/p>\n\n\n\n<p>Der Provider der Seiten erhebt und speichert automatisch\n Informationen in so genannten Server-LogFiles, die Ihr Browser \nautomatisch an uns \u00fcbermittelt. Dies sind:<\/p>\n\n\n\n<ul class=\"wp-block-list\"><li>Browsertyp und Browserversion<\/li><li>verwendetes Betriebssystem<\/li><li>Referrer URL<\/li><li>Hostname des zugreifenden Rechners<\/li><li>Uhrzeit der Serveranfrage<\/li><\/ul>\n\n\n\n<p>Diese Daten sind nicht bestimmten Personen zuordenbar.  Eine Zusammenf\u00fchrung dieser Daten mit anderen Datenquellen wird nicht  vorgenommen. Wir behalten uns vor, diese Daten nachtr\u00e4glich zu pr\u00fcfen,  wenn uns konkrete Anhaltspunkte f\u00fcr eine rechtswidrige Nutzung bekannt  werden.<\/p>\n\n\n\n<p><strong>Kontaktformular<\/strong><\/p>\n\n\n\n<p>Wenn Sie uns per Kontaktformular Anfragen zukommen \nlassen, werden Ihre Angaben aus dem Anfrageformular inklusive der von \nIhnen dort angegebenen Kontaktdaten zwecks Bearbeitung der Anfrage und \nf\u00fcr den Fall von Anschluss fragen bei uns gespeichert. Diese Daten geben\n wir nicht ohne Ihre Einwilligung weiter.<\/p>\n\n\n\n<p><strong>Newsletterdaten<\/strong><\/p>\n\n\n\n<p>Wenn Sie den auf der Website angebotenen Newsletter \nbeziehen m\u00f6chten, ben\u00f6tigen wir von Ihnen eine E-Mail-Adresse sowie \nInformationen, welche uns die \u00dcberpr\u00fcfung gestatten, dass Sie der \nInhaber der angegebenen E-Mail-Adresse sind und mit dem Empfang des \nNewsletters einverstanden sind. Weitere Daten werden nicht erhoben. \nDiese Daten verwenden wir ausschlie\u00dflich f\u00fcr den Versand der \nangeforderten Informationen und geben sie nicht an Dritte weiter.<\/p>\n\n\n\n<p>Die erteilte Einwilligung zur Speicherung der Daten, der\n E-Mail-Adresse sowie deren Nutzung zum Versand des Newsletters k\u00f6nnen \nSie jederzeit widerrufen, etwa \u00fcber den \u201eAustragen\u201c-Link im Newsletter.<\/p>\n\n\n\n<p><strong>Google Analytics<\/strong><\/p>\n\n\n\n<p>Diese Website nutzt Funktionen des Webanalysedienstes \nGoogle Analytics. Anbieter ist die Google Inc., 1600 Amphitheatre \nParkway Mountain View, CA 94043, USA.<\/p>\n\n\n\n<p>Google Analytics verwendet so genannte \u201eCookies\u201c. Das \nsind Textdateien, die auf Ihrem Computer gespeichert werden und die eine\n Analyse der Benutzung der Website durch Sie erm\u00f6glichen. Die durch den \nCookie erzeugten Informationen \u00fcber Ihre Benutzung dieser Website werden\n in der Regel an einen Server von Google in den USA \u00fcbertragen und dort \ngespeichert.<\/p>\n\n\n\n<p><strong>IP Anonymisierung<\/strong><\/p>\n\n\n\n<p>Wir haben auf dieser Website die Funktion  IP-Anonymisierung aktiviert. Dadurch wird Ihre IP-Adresse von Google  innerhalb von Mitgliedstaaten der Europ\u00e4ischen Union oder in anderen  Vertragsstaaten des Abkommens \u00fcber den Europ\u00e4ischen Wirtschaftsraum vor  der \u00dcbermittlung in die USA gek\u00fcrzt. Nur in Ausnahmef\u00e4llen wird die  volle IP-Adresse an einen Server von Google in den USA \u00fcbertragen und  dort gek\u00fcrzt. Im Auftrag des Betreibers dieser Website wird Google diese  Informationen benutzen, um Ihre Nutzung der Website auszuwerten, um  Reports \u00fcber die Websiteaktivit\u00e4ten zusammenzustellen und um weitere mit  der Websitenutzung und der Internetnutzung verbundene Dienstleistungen  gegen\u00fcber dem Websitebetreiber zu erbringen. Die im Rahmen von Google  Analytics von Ihrem Browser \u00fcbermittelte IPAdresse wird nicht mit  anderen Daten von Google zusammengef\u00fchrt.<\/p>\n\n\n\n<p><strong>Browser Plugin<\/strong><\/p>\n\n\n\n<p>Sie k\u00f6nnen die Speicherung der Cookies durch eine  entsprechende Einstellung Ihrer Browser-Software verhindern; wir weisen  Sie jedoch darauf hin, dass Sie in diesem Fall gegebenenfalls nicht  s\u00e4mtliche Funktionen dieser Website vollumf\u00e4nglich werden nutzen k\u00f6nnen.  Sie k\u00f6nnen dar\u00fcber hinaus die Erfassung der durch den Cookie erzeugten  und auf Ihre Nutzung der Website bezogenen Daten (inkl. Ihrer  IP-Adresse) an Google sowie die Verarbeitung dieser Daten durch Google  verhindern, indem Sie das unter dem folgenden Link verf\u00fcgbare  Browser-Plugin herunterladen und installieren:<\/p>\n\n\n\n<p><strong>Widerspruch gegen Datenerfassung<\/strong><\/p>\n\n\n\n<p>Sie k\u00f6nnen die Erfassung Ihrer Daten durch Google \nAnalytics verhindern, indem Sie auf folgenden Link klicken. Es wird ein \nOpt-Out-Cookie gesetzt, der die Erfassung Ihrer Daten bei zuk\u00fcnftigen \nBesuchen dieser Website verhindert: Google Analytics deaktivieren<\/p>\n\n\n\n<p>Mehr Informationen zum Umgang mit Nutzerdaten bei Google Analytics finden Sie in der Datenschutzerkl\u00e4rung von Google: <\/p>\n\n\n\n<p><strong>Auftragsdatenverarbeitung<\/strong><\/p>\n\n\n\n<p>Wir haben mit Google einen Vertrag zur \nAuftragsdatenverarbeitung abgeschlossen und setzen die strengen Vorgaben\n der deutschen Datenschutzbeh\u00f6rden bei der Nutzung von Google Analytics \nvollst\u00e4ndig um.<\/p>\n\n\n\n<p><strong>Demografische Merkmale bei Google Analytics<\/strong><\/p>\n\n\n\n<p>Diese Website nutzt die Funktion \u201cdemografische  Merkmale\u201d von Google Analytics. Dadurch k\u00f6nnen Berichte erstellt werden,  die Aussagen zu Alter, Geschlecht und Interessen der Seitenbesucher  enthalten. Diese Daten stammen aus interessenbezogener Werbung von  Google sowie aus Besucherdaten von Drittanbietern. Diese Daten k\u00f6nnen  keiner bestimmten Person zugeordnet werden. Sie k\u00f6nnen diese Funktion  jederzeit \u00fcber die Anzeigeneinstellungen in Ihrem Google-Konto  deaktivieren oder die Erfassung Ihrer Daten durch Google Analytics wie  im Punkt \u201cWiderspruch gegen Datenerfassung\u201d dargestellt generell  untersagen.<\/p>\n\n\n\n<p><strong>Facebook-Plugins (Like-Button)<\/strong><\/p>\n\n\n\n<p>Auf unseren Seiten sind Plugins des sozialen Netzwerks  Facebook, Anbieter Facebook Inc., 1 Hacker Way, Menlo Park, California  94025, USA, integriert. Die Facebook-Plugins erkennen Sie an dem  Facebook-Logo oder dem \u201eLike-Button\u201c (\u201eGef\u00e4llt mir\u201c) auf unserer Seite.  Eine \u00dcbersicht \u00fcber die Facebook-Plugins finden Sie hier: <\/p>\n\n\n\n<p>Wenn Sie unsere Seiten besuchen, wird \u00fcber das Plugin  eine direkte Verbindung zwischen Ihrem Browser und dem Facebook-Server  hergestellt. Facebook erh\u00e4lt dadurch die Information, dass Sie mit Ihrer  IP-Adresse unsere Seite besucht haben. Wenn Sie den Facebook  \u201eLike-Button\u201c anklicken w\u00e4hrend Sie in Ihrem Facebook-Account eingeloggt  sind, k\u00f6nnen Sie die Inhalte unserer Seiten auf Ihrem Facebook-Profil  verlinken. Dadurch kann Facebook den Besuch unserer Seiten Ihrem  Benutzerkonto zuordnen. Wir weisen darauf hin, dass wir als Anbieter der  Seiten keine Kenntnis vom Inhalt der \u00fcbermittelten Daten sowie deren  Nutzung durch Facebook erhalten. Weitere Informationen hierzu finden Sie in der Datenschutzerkl\u00e4rung von Facebook unter<\/p>\n\n\n\n<p>Wenn Sie nicht w\u00fcnschen, dass Facebook den Besuch \nunserer Seiten Ihrem Facebook-Nutzerkonto zuordnen kann, loggen Sie sich\n bitte aus Ihrem Facebook-Benutzerkonto aus.<\/p>\n\n\n\n<p><strong>Twitter<\/strong><\/p>\n\n\n\n<p>Auf unseren Seiten sind Funktionen des Dienstes Twitter  eingebunden. Diese Funktionen werden angeboten durch die Twitter Inc.,  1355 Market Street, Suite 900, San Francisco, CA 94103, USA. Durch das  Benutzen von Twitter und der Funktion \u201eRe-Tweet\u201c werden die von Ihnen  besuchten Websites mit Ihrem Twitter-Account verkn\u00fcpft und anderen  Nutzern bekannt gegeben. Dabei werden auch Daten an Twitter \u00fcbertragen.  Wir weisen darauf hin, dass wir als Anbieter der Seiten keine Kenntnis  vom Inhalt der \u00fcbermittelten Daten sowie deren Nutzung durch Twitter  erhalten. Weitere Informationen hierzu finden Sie in der Datenschutzerkl\u00e4rung von Twitter unter <\/p>\n\n\n\n<p>Ihre Datenschutzeinstellungen bei Twitter k\u00f6nnen Sie in den Konto-Einstellungen unter:  \u00e4ndern.<\/p>\n\n\n\n<p><strong>Google+<\/strong><\/p>\n\n\n\n<p>Unsere Seiten nutzen Funktionen von Google+. Anbieter \nist die Google Inc., 1600 Amphitheatre Parkway Mountain View, CA 94043, \nUSA.<\/p>\n\n\n\n<p>Erfassung und Weitergabe von Informationen: Mithilfe der\n Google+-Schaltfl\u00e4che k\u00f6nnen Sie Informationen weltweit ver\u00f6ffentlichen.\n \u00dcber die Google+-Schaltfl\u00e4che erhalten Sie und andere Nutzer \npersonalisierte Inhalte von Google und unseren Partnern. Google \nspeichert sowohl die Information, dass Sie f\u00fcr einen Inhalt +1 gegeben \nhaben, als auch Informationen \u00fcber die Seite, die Sie beim Klicken auf \n+1 angesehen haben. Ihre +1 k\u00f6nnen als Hinweise zusammen mit Ihrem \nProfilnamen und Ihrem Foto in Google-Diensten, wie etwa in \nSuchergebnissen oder in Ihrem Google-Profil, oder an anderen Stellen auf\n Websites und Anzeigen im Internet eingeblendet werden.<\/p>\n\n\n\n<p>Google zeichnet Informationen \u00fcber Ihre +1-Aktivit\u00e4ten \nauf, um die Google-Dienste f\u00fcr Sie und andere zu verbessern. Um die \nGoogle+-Schaltfl\u00e4che verwenden zu k\u00f6nnen, ben\u00f6tigen Sie ein weltweit \nsichtbares, \u00f6ffentliches Google-Profil, das zumindest den f\u00fcr das Profil\n gew\u00e4hlten Namen enthalten muss. Dieser Name wird in allen \nGoogle-Diensten verwendet. In manchen F\u00e4llen kann dieser Name auch einen\n anderen Namen ersetzen, den Sie beim Teilen von Inhalten \u00fcber Ihr \nGoogle-Konto verwendet haben. Die Identit\u00e4t Ihres Google-Profils kann \nNutzern angezeigt werden, die Ihre E-Mail-Adresse kennen oder \u00fcber \nandere identifizierende Informationen von Ihnen verf\u00fcgen.<\/p>\n\n\n\n<p>Verwendung der erfassten Informationen: Neben den oben \nerl\u00e4uterten Verwendungszwecken werden die von Ihnen bereitgestellten \nInformationen gem\u00e4\u00df den geltenden Google-Datenschutzbestimmungen \ngenutzt. Google ver\u00f6ffentlicht m\u00f6glicherweise zusammengefasste \nStatistiken \u00fcber die +1-Aktivit\u00e4ten der Nutzer bzw. gibt diese an Nutzer\n und Partner weiter, wie etwa Publisher, Inserenten oder verbundene \nWebsites.<\/p>\n\n\n\n<p><strong>Instagram<\/strong><\/p>\n\n\n\n<p>Auf unseren Seiten sind Funktionen des Dienstes \nInstagram eingebunden. Diese Funktionen werden angeboten durch die \nInstagram Inc., 1601 Willow Road, Menlo Park, CA, 94025, USA integriert.\n Wenn Sie in Ihrem Instagram-Account eingeloggt sind k\u00f6nnen Sie durch \nAnklicken des Instagram-Buttons die Inhalte unserer Seiten mit Ihrem \nInstagram-Profil verlinken. Dadurch kann Instagram den Besuch unserer \nSeiten Ihrem Benutzerkonto zuordnen. Wir weisen darauf hin, dass wir als\n Anbieter der Seiten keine Kenntnis vom Inhalt der u?bermittelten Daten \nsowie deren Nutzung durch Instagram erhalten.<\/p>\n\n\n\n<p>Weitere Informationen hierzu finden Sie in der Datenschutzerkl\u00e4rung von Instagram: <\/p>\n\n\n\n<p><strong>LinkedIn<\/strong><\/p>\n\n\n\n<p>Unsere Website nutzt Funktionen des Netzwerks LinkedIn. \nAnbieter ist die LinkedIn Corporation, 2029 Stierlin Court, Mountain \nView, CA 94043, USA. Bei jedem Abruf einer unserer Seiten, die \nFunktionen von LinkedIn enth\u00e4lt, wird eine Verbindung zu Servern von \nLinkedIn aufbaut. LinkedIn wird dar\u00fcber informiert, dass Sie unsere \nInternetseiten mit Ihrer IP-Adresse besucht haben. Wenn Sie den \n\u201eRecommend-Button\u201c von LinkedIn anklicken und in Ihrem Account bei \nLinkedIn eingeloggt sind, ist es LinkedIn m\u00f6glich, Ihren Besuch auf \nunserer Internetseite Ihnen und Ihrem Benutzerkonto zuzuordnen. Wir \nweisen darauf hin, dass wir als Anbieter der Seiten keine Kenntnis vom \nInhalt der \u00fcbermittelten Daten sowie deren Nutzung durch LinkedIn haben.<\/p>\n\n\n\n<p>Weitere Informationen hierzu finden Sie in der  Datenschutzerkl\u00e4rung von LinkedIn unter:  <\/p>\n\n\n\n<p><strong>XING<\/strong><\/p>\n\n\n\n<p>Unsere Website nutzt Funktionen des Netzwerks XING. \nAnbieter ist die XING AG, Dammtorstra\u00dfe 29-32, 20354 Hamburg, \nDeutschland. Bei jedem Abruf einer unserer Seiten, die Funktionen von \nXING enth\u00e4lt, wird eine Verbindung zu Servern von XING hergestellt. Eine\n Speicherung von personenbezogenen Daten erfolgt dabei nach unserer \nKenntnis nicht. Insbesondere werden keine IP-Adressen gespeichert oder \ndas Nutzungsverhalten ausgewertet.<\/p>\n\n\n\n<p>Weitere Information zum Datenschutz und dem XING Share-Button finden Sie in der<\/p>\n\n\n\n<p>Datenschutzerkl\u00e4rung von XING unter: <\/p>\n\n\n\n<p><strong>YouTube<\/strong><\/p>\n\n\n\n<p>Unsere Website nutzt Plugins der von Google betriebenen \nSeite YouTube. Betreiber der Seiten ist die YouTube, LLC, 901 Cherry \nAve., San Bruno, CA 94066, USA. Wenn Sie eine unserer mit einem \nYouTube-Plugin ausgestatteten Seiten besuchen, wird eine Verbindung zu \nden Servern von YouTube hergestellt. Dabei wird dem Youtube-Server \nmitgeteilt, welche unserer Seiten Sie besucht haben.<\/p>\n\n\n\n<p>Wenn Sie in Ihrem YouTube-Account eingeloggt sind \nerm\u00f6glichen Sie YouTube, Ihr Surfverhalten direktIhrem pers\u00f6nlichen \nProfil zuzuordnen. Dies k\u00f6nnen Sie verhindern, indem Sie sich aus Ihrem \nYouTube-Account ausloggen.<\/p>\n\n\n\n<p>Weitere Informationen zum Umgang von Nutzerdaten finden Sie in der Datenschutzerkl\u00e4rung von YouTube unter: <\/p>\n\n\n\n<p><strong>SSL-Verschl\u00fcsselung<\/strong><\/p>\n\n\n\n<p>Diese Seite nutzt aus Gr\u00fcnden der Sicherheit und zum \nSchutz der \u00dcbertragung vertraulicher Inhalte, wie zum Beispiel der \nAnfragen, die Sie an uns als Seitenbetreiber senden, eine \nSSL-Verschl\u00fcsselung. Eine verschl\u00fcsselte Verbindung erkennen Sie daran, \ndass die Adresszeile des Browsers von \u201ehttp:\/\/\u201c auf \u201ehttps:\/\/\u201c wechselt \nund an dem Schloss-Symbol in Ihrer Browserzeile.<\/p>\n\n\n\n<p>Wenn die SSL Verschl\u00fcsselung aktiviert ist, k\u00f6nnen die Daten, die Sie an uns \u00fcbermitteln, nicht von Dritten mitgelesen werden.<\/p>\n\n\n\n<p><strong>Recht auf Auskunft, L\u00f6schung, Sperrung<\/strong><\/p>\n\n\n\n<p>Sie haben jederzeit das Recht auf unentgeltliche \nAuskunft \u00fcber Ihre gespeicherten personenbezogenen Daten, deren Herkunft\n und Empf\u00e4nger und den Zweck der Datenverarbeitung sowie ein Recht auf \nBerichtigung, Sperrung oder L\u00f6schung dieser Daten. Hierzu sowie zu \nweiteren Fragen zum Thema personenbezogene Daten k\u00f6nnen Sie sich \njederzeit unter der im Impressum angegebenen Adresse an uns wenden.<\/p>\n\n\n\n<p><strong>Widerspruch Werbe-Mails<\/strong><\/p>\n\n\n\n<p>Der Nutzung von im Rahmen der Impressumspflicht \nver\u00f6ffentlichten Kontaktdaten zur \u00dcbersendung von nicht ausdr\u00fccklich \nangeforderter Werbung und Informationsmaterialien wird hiermit \nwidersprochen. Die Betreiber der Seiten behalten sich ausdr\u00fccklich \nrechtliche Schritte im Falle der unverlangten Zusendung von \nWerbeinformationen, etwa durch Spam-E-Mails, vor.<\/p>\n\n\n\n<p>Quelle:  <\/p>\n","protected":false},"excerpt":{"rendered":"<p>Datenschutzerkl\u00e4rung Die Betreiber dieser Seiten nehmen den Schutz Ihrer pers\u00f6nlichen Daten sehr ernst. Wir behandeln Ihre personenbezogenen Daten vertraulich und entsprechend der gesetzlichen Datenschutzvorschriften sowie dieser Datenschutzerkl\u00e4rung. Die Nutzung unserer [&hellip;]<\/p>\n","protected":false},"author":1,"featured_media":0,"parent":0,"menu_order":0,"comment_status":"closed","ping_status":"closed","template":"","meta":{"footnotes":""},"class_list":["post-28","page","type-page","status-publish","hentry"],"_links":{"self":[{"href":"http:\/\/sg-edelweiss-lochbuehl.com\/index.php?rest_route=\/wp\/v2\/pages\/28","targetHints":{"allow":["GET"]}}],"collection":[{"href":"http:\/\/sg-edelweiss-lochbuehl.com\/index.php?rest_route=\/wp\/v2\/pages"}],"about":[{"href":"http:\/\/sg-edelweiss-lochbuehl.com\/index.php?rest_route=\/wp\/v2\/types\/page"}],"author":[{"embeddable":true,"href":"http:\/\/sg-edelweiss-lochbuehl.com\/index.php?rest_route=\/wp\/v2\/users\/1"}],"replies":[{"embeddable":true,"href":"http:\/\/sg-edelweiss-lochbuehl.com\/index.php?rest_route=%2Fwp%2Fv2%2Fcomments&post=28"}],"version-history":[{"count":7,"href":"http:\/\/sg-edelweiss-lochbuehl.com\/index.php?rest_route=\/wp\/v2\/pages\/28\/revisions"}],"predecessor-version":[{"id":58,"href":"http:\/\/sg-edelweiss-lochbuehl.com\/index.php?rest_route=\/wp\/v2\/pages\/28\/revisions\/58"}],"wp:attachment":[{"href":"http:\/\/sg-edelweiss-lochbuehl.com\/index.php?rest_route=%2Fwp%2Fv2%2Fmedia&parent=28"}],"curies":[{"name":"wp","href":"https:\/\/api.w.org\/{rel}","templated":true}]}}