{"id":234,"date":"2021-01-27T08:52:52","date_gmt":"2021-01-27T08:52:52","guid":{"rendered":"http:\/\/sg-edelweiss-lochbuehl.com\/?page_id=234"},"modified":"2021-01-27T09:00:13","modified_gmt":"2021-01-27T09:00:13","slug":"bsb-kreisschiessen-2021","status":"publish","type":"page","link":"https:\/\/sg-edelweiss-lochbuehl.com\/?page_id=234","title":{"rendered":"BSB-Kreisschie\u00dfen 2021"},"content":{"rendered":"\t\t<div data-elementor-type=\"wp-page\" data-elementor-id=\"234\" class=\"elementor elementor-234\">\n\t\t\t\t\t\t<section class=\"elementor-section elementor-top-section elementor-element elementor-element-7acd9b8 elementor-section-boxed elementor-section-height-default elementor-section-height-default\" data-id=\"7acd9b8\" data-element_type=\"section\" data-e-type=\"section\">\n\t\t\t\t\t\t<div class=\"elementor-container elementor-column-gap-default\">\n\t\t\t\t\t<div class=\"elementor-column elementor-col-100 elementor-top-column elementor-element elementor-element-9322e95\" data-id=\"9322e95\" data-element_type=\"column\" data-e-type=\"column\">\n\t\t\t<div class=\"elementor-widget-wrap elementor-element-populated\">\n\t\t\t\t\t\t<div class=\"elementor-element elementor-element-3086a7b elementor-widget elementor-widget-text-editor\" data-id=\"3086a7b\" data-element_type=\"widget\" data-e-type=\"widget\" data-widget_type=\"text-editor.default\">\n\t\t\t\t<div class=\"elementor-widget-container\">\n\t\t\t\t\t\t\t\t\t<div>Werte Kameraden,<\/div>\n<div>&nbsp;<\/div>\n<div>wir werden versuchen unser diesj\u00e4hriges Kreisschie\u00dfen 2021 durchzuf\u00fchren<span style=\"font-size: 14px; color: var( --e-global-color-text );\">.<\/span><\/div>\n<div>Wir sind st\u00e4ndig mit verschiedenen Stellen wie Gesundheitsamt, Landratsamt, Bundesschi<span style=\"font-size: 14px; color: var( --e-global-color-text );\">e\u00dfwart und den Sch\u00fctzenmeistern in Lochb\u00fchl&nbsp;<\/span><span style=\"font-size: 14px; color: var( --e-global-color-text );\">in Verbindung und hoffen das wir das schie\u00dfen ab einen bestimmten Zeitpunkt durchf\u00fchren k\u00f6nnen.<\/span><\/div>\n<div>&nbsp;<\/div>\n<div>Mit kameradschaftlichen Gr\u00fc\u00dfen<\/div>\n<div>in Treue fest<\/div>\n<div>&nbsp;<\/div>\n<div>Hans&nbsp;<\/div>\n<div class=\"signature\">\n<p>Johann Riedlinger<\/p>\n<p>Kreissschie\u00dfw.\/stellv. Kreisvors.<br>Wunsiedel\/Oberfranken<\/p>\n<\/div>\t\t\t\t\t\t\t\t<\/div>\n\t\t\t\t<\/div>\n\t\t\t\t\t<\/div>\n\t\t<\/div>\n\t\t\t\t\t<\/div>\n\t\t<\/section>\n\t\t\t\t<\/div>\n\t\t","protected":false},"excerpt":{"rendered":"<p>Werte Kameraden, &nbsp; wir werden versuchen unser diesj\u00e4hriges Kreisschie\u00dfen 2021 durchzuf\u00fchren. Wir sind st\u00e4ndig mit verschiedenen Stellen wie Gesundheitsamt, Landratsamt, Bundesschie\u00dfwart und den Sch\u00fctzenmeistern in Lochb\u00fchl&nbsp;in Verbindung und hoffen das [&hellip;]<\/p>\n","protected":false},"author":1,"featured_media":0,"parent":0,"menu_order":0,"comment_status":"closed","ping_status":"closed","template":"","meta":{"footnotes":""},"class_list":["post-234","page","type-page","status-publish","hentry"],"_links":{"self":[{"href":"https:\/\/sg-edelweiss-lochbuehl.com\/index.php?rest_route=\/wp\/v2\/pages\/234","targetHints":{"allow":["GET"]}}],"collection":[{"href":"https:\/\/sg-edelweiss-lochbuehl.com\/index.php?rest_route=\/wp\/v2\/pages"}],"about":[{"href":"https:\/\/sg-edelweiss-lochbuehl.com\/index.php?rest_route=\/wp\/v2\/types\/page"}],"author":[{"embeddable":true,"href":"https:\/\/sg-edelweiss-lochbuehl.com\/index.php?rest_route=\/wp\/v2\/users\/1"}],"replies":[{"embeddable":true,"href":"https:\/\/sg-edelweiss-lochbuehl.com\/index.php?rest_route=%2Fwp%2Fv2%2Fcomments&post=234"}],"version-history":[{"count":4,"href":"https:\/\/sg-edelweiss-lochbuehl.com\/index.php?rest_route=\/wp\/v2\/pages\/234\/revisions"}],"predecessor-version":[{"id":242,"href":"https:\/\/sg-edelweiss-lochbuehl.com\/index.php?rest_route=\/wp\/v2\/pages\/234\/revisions\/242"}],"wp:attachment":[{"href":"https:\/\/sg-edelweiss-lochbuehl.com\/index.php?rest_route=%2Fwp%2Fv2%2Fmedia&parent=234"}],"curies":[{"name":"wp","href":"https:\/\/api.w.org\/{rel}","templated":true}]}}